remainder when 3402839 is divided by 7149?
7064
What is the remainder when 1082148 is divided by 154?
144
What is the remainder when 411090385 is divided by 14?
13
Calculate the remainder when 2232010 is divided by 744003.
1
What is the remainder when 700884 is divided by 233623?
15
Calculate the remainder when 156951271 is divided by 14.
1
What is the remainder when 24441949 is divided by 167?
163
What is the remainder when 145083 is divided by 139777?
5306
What is the remainder when 334006 is divided by 16598?
2046
What is the remainder when 5428 is divided by 1771?
115
What is the remainder when 18905589 is divided by 1616?
5
Calculate the remainder when 593173 is divided by 295.
223
Calculate the remainder when 2050417 is divided by 206.
99
What is the remainder when 9275150 is divided by 59?
55
What is the remainder when 14490510 is divided by 126004?
50
Calculate the remainder when 2971007 is divided by 5523.
5156
What is the remainder when 1039524 is divided by 378?
24
Calculate the remainder when 60534269 is divided by 5279.
5255
What is the remainder when 437014 is divided by 4854?
154
Calculate the remainder when 134793 is divided by 749.
722
What is the remainder when 793416 is divided by 546?
78
Calculate the remainder when 8845616 is divided by 35.
31
Calculate the remainder when 2107201 is divided by 5696.
5377
Calculate the remainder when 74678 is divided by 3394.
10
Calculate the remainder when 547007 is divided by 34.
15
Calculate the remainder when 280479 is divided by 31164.
3
Calculate the remainder when 355736 is divided by 14822.
8
What is the remainder when 261626 is divided by 310?
296
What is the remainder when 3121023 is divided by 1039997?
1032
What is the remainder when 60382223 is divided by 18?
17
What is the remainder when 282 is divided by 269?
13
What is the remainder when 881257 is divided by 412?
401
What is the remainder when 7127650 is divided by 13?
10
Calculate the remainder when 1234052 is divided by 2478.
8
What is the remainder when 43205468 is divided by 121?
119
Calculate the remainder when 5877702 is divided by 267167.
28
Calculate the remainder when 202087 is divided by 10.
7
What is the remainder when 111157 is divided by 270?
187
Calculate the remainder when 27527 is divided by 1306.
101
Calculate the remainder when 107771652 is divided by 5105.
5102
What is the remainder when 13951245 is divided by 138?
135
What is the remainder when 282847 is divided by 38?
13
What is the remainder when 139513751 is divided by 50?
1
Calculate the remainder when 1105746 is divided by 552859.
28
Calculate the remainder when 131381777 is divided by 453.
452
Calculate the remainder when 2289684 is divided by 1565.
89
What is the remainder when 17176 is divided by 1300?
276
What is the remainder when 9950770 is divided by 343?
340
What is the remainder when 22323722 is divided by 53792?
42
What is the remainder when 3743774 is divided by 2761?
2619
Calculate the remainder when 47220 is divided by 12423.
9951
Calculate the remainder when 11474103 is divided by 4283.
4229
Calculate the remainder when 2693375 is divided by 18.
17
What is the remainder when 55603727 is divided by 58?
55
Calculate the remainder when 1359099 is divided by 69.
6
Calculate the remainder when 145018542 is divided by 1986555.
27
Calculate the remainder when 2004504 is divided by 2004493.
11
Calculate the remainder when 4806614 is divided by 15.
14
What is the remainder when 3034276 is divided by 433467?
7
What is the remainder when 1327623 is divided by 265522?
13
What is the remainder when 24291 is divided by 10397?
3497
What is the remainder when 105962 is divided by 5230?
1362
What is the remainder when 10903891 is divided by 3955?
3911
What is the remainder when 63646 is divided by 1715?
191
What is the remainder when 155105 is divided by 12925?
5
What is the remainder when 444808788 is divided by 2907?
2904
Calculate the remainder when 7682119 is divided by 1920529.
3
What is the remainder when 157476 is divided by 50044?
7344
What is the remainder when 1191003 is divided by 2458?
1331
What is the remainder when 61382957 is divided by 1281?
1280
Calculate the remainder when 15228196 is divided by 40.
36
What is the remainder when 36848 is divided by 36642?
206
Calculate the remainder when 65004 is divided by 2103.
1914
What is the remainder when 68136961 is divided by 50?
11
What is the remainder when 339105 is divided by 202?
149
What is the remainder when 13086251 is divided by 68?
59
Calculate the remainder when 182173 is divided by 182039.
134
Calculate the remainder when 2214634 is divided by 197.
157
Calculate the remainder when 1638782 is divided by 3040.
222
What is the remainder when 61088343 is divided by 115?
113
What is the remainder when 1834730 is divided by 917106?
518
Calculate the remainder when 11826552 is divided by 2242.
2
Calculate the remainder when 7221454 is divided by 517.
515
Calculate the remainder when 106201499 is divided by 4206.
4205
What is the remainder when 19873277 is divided by 280?
277
Calculate the remainder when 596680525 is divided by 12322.
12319
What is the remainder when 6957676 is divided by 3802?
16
Calculate the remainder when 233542 is divided by 76529.
3955
Calculate the remainder when 18735441 is divided by 562.
47
What is the remainder when 296319 is divided by 18?
3
What is the remainder when 239558 is divided by 18?
14
Calculate the remainder when 160474 is divided by 1244.
1242
Calculate the remainder when 640331 is divided by 242.
241
Calculate the remainder when 263074990 is divided by 3067.
3065
What is the remainder when 41143556 is divided by 27?
11
Calculate the remainder when 7764051 is divided by 187.
185
What is the remainder when 1553091 is divided by 48?
3
Calculate the remainder when 3397330 is divided by 53.
30
What is the remainder when 27895 is divided by 739?
552
What is the remainder when 6595065 is divided by 7192?
1
Calculate the remainder when 2021680 is divided by 167.
145
Calculate the remainder when 3294326 is divided by 9718.
9642
Calculate the remainder when 650620 is divided by 9500.
4620
Calculate the remainder when 296818 is divided by 392.
74
What is the remainder when 779181 is divided by 4380?
3921
What is the remainder when 231450 is divided by 38572?
18
Calculate the remainder when 49311 is divided by 261.
243
Calculate the remainder when 20297755 is divided by 34.
27
Calculate the remainder when 279268798 is divided by 31.
28
Calculate the remainder when 3948513 is divided by 30.
3
Calculate the remainder when 117725 is divided by 1814.
1629
Calculate the remainder when 21405 is divided by 2347.
282
What is the remainder when 43781828 is divided by 31?
1
Calculate the remainder when 678082 is divided by 338952.
178
What is the remainder when 2069407 is divided by 40?
7
Calculate the remainder when 1136776 is divided by 59830.
6
What is the remainder when 4944512 is divided by 706358?
6
Calculate the remainder when 40322 is divided by 3668.
3642
Calculate the remainder when 27708295 is divided by 21921.
151
What is the remainder when 120950 is divided by 10939?
621
What is the remainder when 3068219 is divided by 74?
31
What is the remainder when 331714 is divided by 109913?
1975
Calculate the remainder when 159180 is divided by 11365.
70
Calculate the remainder when 1771118 is divided by 55346.
46
Calculate the remainder when 8587260 is divided by 780658.
22
Calculate the remainder when 2499840 is divided by 448.
0
What is the remainder when 318207 is divided by 13258?
15
What is the remainder when 434109 is divided by 114?
111
Calculate the remainder when 315779 is divided by 870.
839
Calculate the remainder when 13058146 is divided by 79140.
46
Calculate the remainder when 21879899 is divided by 99908.
47
Calculate the remainder when 5991381 is divided by 4132.
4113
What is the remainder when 3798 is divided by 3797?
1
Calculate the remainder when 11539 is divided by 2411.
1895
What is the remainder when 876602 is divided by 3608?
3466
Calculate the remainder when 30373 is divided by 3703.
749
Calculate the remainder when 7034441 is divided by 81.
77
What is the remainder when 4791522 is divided by 1759?
6
Calculate the remainder when 1781554 is